{"id":130,"date":"2023-04-24T23:24:44","date_gmt":"2023-04-24T21:24:44","guid":{"rendered":"http:\/\/boutique.clementineplissonnier.fr\/?page_id=130"},"modified":"2023-06-07T18:46:25","modified_gmt":"2023-06-07T16:46:25","slug":"a-propos-de-moi","status":"publish","type":"page","link":"https:\/\/boutique.clementineplissonnier.fr\/index.php\/a-propos-de-moi\/","title":{"rendered":"A propos de moi"},"content":{"rendered":"<div style=\"height:30px\" aria-hidden=\"true\" class=\"wp-block-spacer\"><\/div><div class=\"wp-block-media-text alignwide is-stacked-on-mobile\" style=\"grid-template-columns:25% auto\"><figure class=\"wp-block-media-text__media\"><img loading=\"lazy\" decoding=\"async\" width=\"866\" height=\"1024\" src=\"https:\/\/boutique.clementineplissonnier.fr\/wp-content\/uploads\/2023\/04\/IMG_20220619_191148-1-866x1024.png\" alt=\"\" class=\"wp-image-139 size-full\" srcset=\"https:\/\/boutique.clementineplissonnier.fr\/wp-content\/uploads\/2023\/04\/IMG_20220619_191148-1-866x1024.png 866w, https:\/\/boutique.clementineplissonnier.fr\/wp-content\/uploads\/2023\/04\/IMG_20220619_191148-1-254x300.png 254w, https:\/\/boutique.clementineplissonnier.fr\/wp-content\/uploads\/2023\/04\/IMG_20220619_191148-1-768x908.png 768w, https:\/\/boutique.clementineplissonnier.fr\/wp-content\/uploads\/2023\/04\/IMG_20220619_191148-1-1299x1536.png 1299w, https:\/\/boutique.clementineplissonnier.fr\/wp-content\/uploads\/2023\/04\/IMG_20220619_191148-1-1733x2048.png 1733w, https:\/\/boutique.clementineplissonnier.fr\/wp-content\/uploads\/2023\/04\/IMG_20220619_191148-1-1140x1348.png 1140w, https:\/\/boutique.clementineplissonnier.fr\/wp-content\/uploads\/2023\/04\/IMG_20220619_191148-1-920x1087.png 920w, https:\/\/boutique.clementineplissonnier.fr\/wp-content\/uploads\/2023\/04\/IMG_20220619_191148-1-575x680.png 575w, https:\/\/boutique.clementineplissonnier.fr\/wp-content\/uploads\/2023\/04\/IMG_20220619_191148-1-380x449.png 380w, https:\/\/boutique.clementineplissonnier.fr\/wp-content\/uploads\/2023\/04\/IMG_20220619_191148-1-800x946.png 800w\" sizes=\"auto, (max-width: 866px) 100vw, 866px\" \/><\/figure><div class=\"wp-block-media-text__content\"><p>Entre deux productions de jeux vid\u00e9o en tant que game designer, je commence \u00e0 mettre les mains dans la terre lors de cours de c\u00e9ramique en 2021, et je d\u00e9veloppe rapidement des petits objets qui refl\u00e8tent mon univers li\u00e9 \u00e0 l&rsquo;enfance et aux cultures de l&rsquo;imaginaire.<\/p>\n\n<p>Tasses \u00e0 petits pieds, th\u00e9i\u00e8res en forme de personnages d&rsquo;Animal Crossing et vide-poches poules, canards et v\u00e9g\u00e9taux commencent alors \u00e0 envahir mon appartement et s&rsquo;entassent partout ! <\/p>\n\n<p>Une seule solution : partager mes cr\u00e9ations avec les autres et cr\u00e9er une foule de tasses \u00e0 petits pieds.<\/p><\/div><\/div><div style=\"height:50px\" aria-hidden=\"true\" class=\"wp-block-spacer\"><\/div><blockquote class=\"wp-block-quote is-layout-flow wp-block-quote-is-layout-flow\"><h3 class=\"wp-block-heading has-text-align-center\">En adoptant une de mes cr\u00e9ations, vous obtenez un objet unique qui reste pratique : mignon ET compatible avec le lave-vaisselle <\/h3><\/blockquote><div style=\"height:50px\" aria-hidden=\"true\" class=\"wp-block-spacer\"><\/div><div class=\"wp-block-jetpack-tiled-gallery aligncenter is-style-rectangular has-rounded-corners-17\"><div class=\"tiled-gallery__gallery\"><div class=\"tiled-gallery__row\"><div class=\"tiled-gallery__col\" style=\"flex-basis:66.73414%\"><figure class=\"tiled-gallery__item\"><img decoding=\"async\" srcset=\"https:\/\/i0.wp.com\/boutique.clementineplissonnier.fr\/wp-content\/uploads\/2023\/04\/IMG20230404180515-1024x1024.jpg?strip=info&#038;w=600&#038;ssl=1 600w,https:\/\/i0.wp.com\/boutique.clementineplissonnier.fr\/wp-content\/uploads\/2023\/04\/IMG20230404180515-1024x1024.jpg?strip=info&#038;w=900&#038;ssl=1 900w,https:\/\/i0.wp.com\/boutique.clementineplissonnier.fr\/wp-content\/uploads\/2023\/04\/IMG20230404180515-1024x1024.jpg?strip=info&#038;w=1200&#038;ssl=1 1200w,https:\/\/i0.wp.com\/boutique.clementineplissonnier.fr\/wp-content\/uploads\/2023\/04\/IMG20230404180515-1024x1024.jpg?strip=info&#038;w=1500&#038;ssl=1 1500w,https:\/\/i0.wp.com\/boutique.clementineplissonnier.fr\/wp-content\/uploads\/2023\/04\/IMG20230404180515-1024x1024.jpg?strip=info&#038;w=1800&#038;ssl=1 1800w,https:\/\/i0.wp.com\/boutique.clementineplissonnier.fr\/wp-content\/uploads\/2023\/04\/IMG20230404180515-1024x1024.jpg?strip=info&#038;w=2000&#038;ssl=1 2000w\" alt=\"\" data-height=\"2560\" data-id=\"150\" data-link=\"https:\/\/boutique.clementineplissonnier.fr\/index.php\/a-propos-de-moi\/img20230404180515\/\" data-url=\"https:\/\/boutique.clementineplissonnier.fr\/wp-content\/uploads\/2023\/04\/IMG20230404180515-1024x1024.jpg\" data-width=\"2560\" src=\"https:\/\/i0.wp.com\/boutique.clementineplissonnier.fr\/wp-content\/uploads\/2023\/04\/IMG20230404180515-1024x1024.jpg?ssl=1\" data-amp-layout=\"responsive\"\/><\/figure><\/div><div class=\"tiled-gallery__col\" style=\"flex-basis:33.26586%\"><figure class=\"tiled-gallery__item\"><img decoding=\"async\" srcset=\"https:\/\/i1.wp.com\/boutique.clementineplissonnier.fr\/wp-content\/uploads\/2023\/04\/IMG20230326171617-1024x1024.jpg?strip=info&#038;w=600&#038;ssl=1 600w,https:\/\/i1.wp.com\/boutique.clementineplissonnier.fr\/wp-content\/uploads\/2023\/04\/IMG20230326171617-1024x1024.jpg?strip=info&#038;w=900&#038;ssl=1 900w,https:\/\/i1.wp.com\/boutique.clementineplissonnier.fr\/wp-content\/uploads\/2023\/04\/IMG20230326171617-1024x1024.jpg?strip=info&#038;w=1200&#038;ssl=1 1200w,https:\/\/i1.wp.com\/boutique.clementineplissonnier.fr\/wp-content\/uploads\/2023\/04\/IMG20230326171617-1024x1024.jpg?strip=info&#038;w=1500&#038;ssl=1 1500w,https:\/\/i1.wp.com\/boutique.clementineplissonnier.fr\/wp-content\/uploads\/2023\/04\/IMG20230326171617-1024x1024.jpg?strip=info&#038;w=1800&#038;ssl=1 1800w,https:\/\/i1.wp.com\/boutique.clementineplissonnier.fr\/wp-content\/uploads\/2023\/04\/IMG20230326171617-1024x1024.jpg?strip=info&#038;w=2000&#038;ssl=1 2000w\" alt=\"\" data-height=\"2560\" data-id=\"144\" data-link=\"https:\/\/boutique.clementineplissonnier.fr\/index.php\/a-propos-de-moi\/img20230326171617\/\" data-url=\"https:\/\/boutique.clementineplissonnier.fr\/wp-content\/uploads\/2023\/04\/IMG20230326171617-1024x1024.jpg\" data-width=\"2560\" src=\"https:\/\/i1.wp.com\/boutique.clementineplissonnier.fr\/wp-content\/uploads\/2023\/04\/IMG20230326171617-1024x1024.jpg?ssl=1\" data-amp-layout=\"responsive\"\/><\/figure><figure class=\"tiled-gallery__item\"><img decoding=\"async\" srcset=\"https:\/\/i1.wp.com\/boutique.clementineplissonnier.fr\/wp-content\/uploads\/2023\/04\/IMG202302281601461-1024x1024.jpg?strip=info&#038;w=600&#038;ssl=1 600w,https:\/\/i1.wp.com\/boutique.clementineplissonnier.fr\/wp-content\/uploads\/2023\/04\/IMG202302281601461-1024x1024.jpg?strip=info&#038;w=900&#038;ssl=1 900w,https:\/\/i1.wp.com\/boutique.clementineplissonnier.fr\/wp-content\/uploads\/2023\/04\/IMG202302281601461-1024x1024.jpg?strip=info&#038;w=1200&#038;ssl=1 1200w,https:\/\/i1.wp.com\/boutique.clementineplissonnier.fr\/wp-content\/uploads\/2023\/04\/IMG202302281601461-1024x1024.jpg?strip=info&#038;w=1500&#038;ssl=1 1500w,https:\/\/i1.wp.com\/boutique.clementineplissonnier.fr\/wp-content\/uploads\/2023\/04\/IMG202302281601461-1024x1024.jpg?strip=info&#038;w=1800&#038;ssl=1 1800w,https:\/\/i1.wp.com\/boutique.clementineplissonnier.fr\/wp-content\/uploads\/2023\/04\/IMG202302281601461-1024x1024.jpg?strip=info&#038;w=2000&#038;ssl=1 2000w\" alt=\"\" data-height=\"2560\" data-id=\"152\" data-link=\"https:\/\/boutique.clementineplissonnier.fr\/index.php\/a-propos-de-moi\/img202302281601461\/\" data-url=\"https:\/\/boutique.clementineplissonnier.fr\/wp-content\/uploads\/2023\/04\/IMG202302281601461-1024x1024.jpg\" data-width=\"2560\" src=\"https:\/\/i1.wp.com\/boutique.clementineplissonnier.fr\/wp-content\/uploads\/2023\/04\/IMG202302281601461-1024x1024.jpg?ssl=1\" data-amp-layout=\"responsive\"\/><\/figure><\/div><\/div><div class=\"tiled-gallery__row\"><div class=\"tiled-gallery__col\" style=\"flex-basis:25.00000%\"><figure class=\"tiled-gallery__item\"><img decoding=\"async\" srcset=\"https:\/\/i1.wp.com\/boutique.clementineplissonnier.fr\/wp-content\/uploads\/2023\/04\/IMG20230404180959-1024x1024.jpg?strip=info&#038;w=600&#038;ssl=1 600w,https:\/\/i1.wp.com\/boutique.clementineplissonnier.fr\/wp-content\/uploads\/2023\/04\/IMG20230404180959-1024x1024.jpg?strip=info&#038;w=900&#038;ssl=1 900w,https:\/\/i1.wp.com\/boutique.clementineplissonnier.fr\/wp-content\/uploads\/2023\/04\/IMG20230404180959-1024x1024.jpg?strip=info&#038;w=1200&#038;ssl=1 1200w,https:\/\/i1.wp.com\/boutique.clementineplissonnier.fr\/wp-content\/uploads\/2023\/04\/IMG20230404180959-1024x1024.jpg?strip=info&#038;w=1500&#038;ssl=1 1500w,https:\/\/i1.wp.com\/boutique.clementineplissonnier.fr\/wp-content\/uploads\/2023\/04\/IMG20230404180959-1024x1024.jpg?strip=info&#038;w=1800&#038;ssl=1 1800w,https:\/\/i1.wp.com\/boutique.clementineplissonnier.fr\/wp-content\/uploads\/2023\/04\/IMG20230404180959-1024x1024.jpg?strip=info&#038;w=2000&#038;ssl=1 2000w\" alt=\"\" data-height=\"2560\" data-id=\"153\" data-link=\"https:\/\/boutique.clementineplissonnier.fr\/index.php\/a-propos-de-moi\/img20230404180959\/\" data-url=\"https:\/\/boutique.clementineplissonnier.fr\/wp-content\/uploads\/2023\/04\/IMG20230404180959-1024x1024.jpg\" data-width=\"2560\" src=\"https:\/\/i1.wp.com\/boutique.clementineplissonnier.fr\/wp-content\/uploads\/2023\/04\/IMG20230404180959-1024x1024.jpg?ssl=1\" data-amp-layout=\"responsive\"\/><\/figure><\/div><div class=\"tiled-gallery__col\" style=\"flex-basis:25.00000%\"><figure class=\"tiled-gallery__item\"><img decoding=\"async\" srcset=\"https:\/\/i0.wp.com\/boutique.clementineplissonnier.fr\/wp-content\/uploads\/2023\/04\/IMG20230326171946-1024x1024.jpg?strip=info&#038;w=600&#038;ssl=1 600w,https:\/\/i0.wp.com\/boutique.clementineplissonnier.fr\/wp-content\/uploads\/2023\/04\/IMG20230326171946-1024x1024.jpg?strip=info&#038;w=900&#038;ssl=1 900w,https:\/\/i0.wp.com\/boutique.clementineplissonnier.fr\/wp-content\/uploads\/2023\/04\/IMG20230326171946-1024x1024.jpg?strip=info&#038;w=1200&#038;ssl=1 1200w,https:\/\/i0.wp.com\/boutique.clementineplissonnier.fr\/wp-content\/uploads\/2023\/04\/IMG20230326171946-1024x1024.jpg?strip=info&#038;w=1500&#038;ssl=1 1500w,https:\/\/i0.wp.com\/boutique.clementineplissonnier.fr\/wp-content\/uploads\/2023\/04\/IMG20230326171946-1024x1024.jpg?strip=info&#038;w=1800&#038;ssl=1 1800w,https:\/\/i0.wp.com\/boutique.clementineplissonnier.fr\/wp-content\/uploads\/2023\/04\/IMG20230326171946-1024x1024.jpg?strip=info&#038;w=2000&#038;ssl=1 2000w\" alt=\"\" data-height=\"2560\" data-id=\"147\" data-link=\"https:\/\/boutique.clementineplissonnier.fr\/index.php\/a-propos-de-moi\/img20230326171946\/\" data-url=\"https:\/\/boutique.clementineplissonnier.fr\/wp-content\/uploads\/2023\/04\/IMG20230326171946-1024x1024.jpg\" data-width=\"2560\" src=\"https:\/\/i0.wp.com\/boutique.clementineplissonnier.fr\/wp-content\/uploads\/2023\/04\/IMG20230326171946-1024x1024.jpg?ssl=1\" data-amp-layout=\"responsive\"\/><\/figure><\/div><div class=\"tiled-gallery__col\" style=\"flex-basis:25.00000%\"><figure class=\"tiled-gallery__item\"><img decoding=\"async\" srcset=\"https:\/\/i2.wp.com\/boutique.clementineplissonnier.fr\/wp-content\/uploads\/2023\/04\/IMG20230404181240-1-1024x1024.jpg?strip=info&#038;w=600&#038;ssl=1 600w,https:\/\/i2.wp.com\/boutique.clementineplissonnier.fr\/wp-content\/uploads\/2023\/04\/IMG20230404181240-1-1024x1024.jpg?strip=info&#038;w=900&#038;ssl=1 900w,https:\/\/i2.wp.com\/boutique.clementineplissonnier.fr\/wp-content\/uploads\/2023\/04\/IMG20230404181240-1-1024x1024.jpg?strip=info&#038;w=1200&#038;ssl=1 1200w,https:\/\/i2.wp.com\/boutique.clementineplissonnier.fr\/wp-content\/uploads\/2023\/04\/IMG20230404181240-1-1024x1024.jpg?strip=info&#038;w=1500&#038;ssl=1 1500w,https:\/\/i2.wp.com\/boutique.clementineplissonnier.fr\/wp-content\/uploads\/2023\/04\/IMG20230404181240-1-1024x1024.jpg?strip=info&#038;w=1800&#038;ssl=1 1800w,https:\/\/i2.wp.com\/boutique.clementineplissonnier.fr\/wp-content\/uploads\/2023\/04\/IMG20230404181240-1-1024x1024.jpg?strip=info&#038;w=2000&#038;ssl=1 2000w\" alt=\"\" data-height=\"2560\" data-id=\"154\" data-link=\"https:\/\/boutique.clementineplissonnier.fr\/index.php\/a-propos-de-moi\/img20230404181240-1\/\" data-url=\"https:\/\/boutique.clementineplissonnier.fr\/wp-content\/uploads\/2023\/04\/IMG20230404181240-1-1024x1024.jpg\" data-width=\"2560\" src=\"https:\/\/i2.wp.com\/boutique.clementineplissonnier.fr\/wp-content\/uploads\/2023\/04\/IMG20230404181240-1-1024x1024.jpg?ssl=1\" data-amp-layout=\"responsive\"\/><\/figure><\/div><div class=\"tiled-gallery__col\" style=\"flex-basis:25.00000%\"><figure class=\"tiled-gallery__item\"><img decoding=\"async\" srcset=\"https:\/\/i1.wp.com\/boutique.clementineplissonnier.fr\/wp-content\/uploads\/2023\/04\/IMG20230404181736-1024x1024.jpg?strip=info&#038;w=600&#038;ssl=1 600w,https:\/\/i1.wp.com\/boutique.clementineplissonnier.fr\/wp-content\/uploads\/2023\/04\/IMG20230404181736-1024x1024.jpg?strip=info&#038;w=900&#038;ssl=1 900w,https:\/\/i1.wp.com\/boutique.clementineplissonnier.fr\/wp-content\/uploads\/2023\/04\/IMG20230404181736-1024x1024.jpg?strip=info&#038;w=1200&#038;ssl=1 1200w,https:\/\/i1.wp.com\/boutique.clementineplissonnier.fr\/wp-content\/uploads\/2023\/04\/IMG20230404181736-1024x1024.jpg?strip=info&#038;w=1500&#038;ssl=1 1500w,https:\/\/i1.wp.com\/boutique.clementineplissonnier.fr\/wp-content\/uploads\/2023\/04\/IMG20230404181736-1024x1024.jpg?strip=info&#038;w=1800&#038;ssl=1 1800w,https:\/\/i1.wp.com\/boutique.clementineplissonnier.fr\/wp-content\/uploads\/2023\/04\/IMG20230404181736-1024x1024.jpg?strip=info&#038;w=2000&#038;ssl=1 2000w\" alt=\"\" data-height=\"2560\" data-id=\"151\" data-link=\"https:\/\/boutique.clementineplissonnier.fr\/index.php\/a-propos-de-moi\/img20230404181736\/\" data-url=\"https:\/\/boutique.clementineplissonnier.fr\/wp-content\/uploads\/2023\/04\/IMG20230404181736-1024x1024.jpg\" data-width=\"2560\" src=\"https:\/\/i1.wp.com\/boutique.clementineplissonnier.fr\/wp-content\/uploads\/2023\/04\/IMG20230404181736-1024x1024.jpg?ssl=1\" data-amp-layout=\"responsive\"\/><\/figure><\/div><\/div><\/div><\/div><div style=\"height:50px\" aria-hidden=\"true\" class=\"wp-block-spacer\"><\/div><blockquote class=\"wp-block-quote is-layout-flow wp-block-quote-is-layout-flow\"><h4 class=\"wp-block-heading has-text-align-center\"><a href=\"https:\/\/boutique.clementineplissonnier.fr\/index.php\/commission\/\" data-type=\"page\" data-id=\"158\">Une de mes cr\u00e9ations vous fait envie mais n&rsquo;est pas disponible sur la boutique ? Rdv sur la page commission pour une commande personnalis\u00e9e.<\/a><\/h4><\/blockquote>","protected":false},"excerpt":{"rendered":"<p>Entre deux productions de jeux vid\u00e9o en tant que game designer, je commence \u00e0 mettre les mains dans la terre lors de cours de c\u00e9ramique en 2021, et je d\u00e9veloppe [&hellip;]<\/p>\n","protected":false},"author":1,"featured_media":0,"parent":0,"menu_order":0,"comment_status":"closed","ping_status":"closed","template":"","meta":{"footnotes":""},"class_list":["post-130","page","type-page","status-publish","hentry"],"jetpack_sharing_enabled":true,"_links":{"self":[{"href":"https:\/\/boutique.clementineplissonnier.fr\/index.php\/wp-json\/wp\/v2\/pages\/130","targetHints":{"allow":["GET"]}}],"collection":[{"href":"https:\/\/boutique.clementineplissonnier.fr\/index.php\/wp-json\/wp\/v2\/pages"}],"about":[{"href":"https:\/\/boutique.clementineplissonnier.fr\/index.php\/wp-json\/wp\/v2\/types\/page"}],"author":[{"embeddable":true,"href":"https:\/\/boutique.clementineplissonnier.fr\/index.php\/wp-json\/wp\/v2\/users\/1"}],"replies":[{"embeddable":true,"href":"https:\/\/boutique.clementineplissonnier.fr\/index.php\/wp-json\/wp\/v2\/comments?post=130"}],"version-history":[{"count":7,"href":"https:\/\/boutique.clementineplissonnier.fr\/index.php\/wp-json\/wp\/v2\/pages\/130\/revisions"}],"predecessor-version":[{"id":692,"href":"https:\/\/boutique.clementineplissonnier.fr\/index.php\/wp-json\/wp\/v2\/pages\/130\/revisions\/692"}],"wp:attachment":[{"href":"https:\/\/boutique.clementineplissonnier.fr\/index.php\/wp-json\/wp\/v2\/media?parent=130"}],"curies":[{"name":"wp","href":"https:\/\/api.w.org\/{rel}","templated":true}]}}