{"id":85,"date":"2023-04-23T23:17:44","date_gmt":"2023-04-23T21:17:44","guid":{"rendered":"http:\/\/boutique.clementineplissonnier.fr\/?page_id=85"},"modified":"2026-04-06T16:45:52","modified_gmt":"2026-04-06T14:45:52","slug":"accueil","status":"publish","type":"page","link":"https:\/\/boutique.clementineplissonnier.fr\/","title":{"rendered":"Accueil"},"content":{"rendered":"<h3 class=\"wp-block-heading\">Articles \u00e0 la une<\/h3><div style=\"height:30px\" aria-hidden=\"true\" class=\"wp-block-spacer\"><\/div><div data-block-name=\"woocommerce\/handpicked-products\" data-products=\"[634,785,808]\" class=\"wc-block-grid wp-block-handpicked-products wc-block-handpicked-products has-3-columns has-multiple-rows\"><ul class=\"wc-block-grid__products\"><li class=\"wc-block-grid__product product-grid \">\n\t\t\t\t<div class=\"loop-image-wrap botiga-add-to-cart-button-layout3\">\n\t\t\t\t\t<a href=\"https:\/\/boutique.clementineplissonnier.fr\/index.php\/produit\/pierre-a-tripoter-hibou\/\" class=\"wc-block-grid__product-link\">\n\t\t\t\t\t\t<div class=\"wc-block-grid__product-image\"><img loading=\"lazy\" decoding=\"async\" width=\"420\" height=\"420\" src=\"https:\/\/boutique.clementineplissonnier.fr\/wp-content\/uploads\/2026\/04\/IMG20260218164133-420x420.jpg\" class=\"attachment-woocommerce_thumbnail size-woocommerce_thumbnail\" alt=\"Pierre \u00e0 tripoter Hibou\" srcset=\"https:\/\/boutique.clementineplissonnier.fr\/wp-content\/uploads\/2026\/04\/IMG20260218164133-420x420.jpg 420w, https:\/\/boutique.clementineplissonnier.fr\/wp-content\/uploads\/2026\/04\/IMG20260218164133-150x150.jpg 150w, https:\/\/boutique.clementineplissonnier.fr\/wp-content\/uploads\/2026\/04\/IMG20260218164133-100x100.jpg 100w\" sizes=\"auto, (max-width: 420px) 100vw, 420px\" \/><\/div>\n\t\t\t\t\t<\/a><a href=\"?add-to-cart=808\" aria-label=\"Ajouter au panier\u00a0: &ldquo;Pierre \u00e0 tripoter Hibou&rdquo;\" data-quantity=\"1\" data-product_id=\"808\" data-product_sku=\"\" rel=\"nofollow\" class=\"button wp-block-button__link add_to_cart_button ajax_add_to_cart\">Ajouter au panier<\/a><\/div><a href=\"https:\/\/boutique.clementineplissonnier.fr\/index.php\/produit\/pierre-a-tripoter-hibou\/\" class=\"wc-block-grid__product-link\">\n\t\t\t\t\t<div class=\"wc-block-grid__product-title\">Pierre \u00e0 tripoter Hibou<\/div>\n\t\t\t\t<\/a><div class=\"wc-block-grid__product-price price\"><span class=\"woocommerce-Price-amount amount\">10,00&nbsp;<span class=\"woocommerce-Price-currencySymbol\">&euro;<\/span><\/span><\/div><\/li><li class=\"wc-block-grid__product product-grid \">\n\t\t\t\t<div class=\"loop-image-wrap botiga-add-to-cart-button-layout3\">\n\t\t\t\t\t<a href=\"https:\/\/boutique.clementineplissonnier.fr\/index.php\/produit\/coquetier-chat-2\/\" class=\"wc-block-grid__product-link\">\n\t\t\t\t\t\t<div class=\"wc-block-grid__product-image\"><img loading=\"lazy\" decoding=\"async\" width=\"420\" height=\"420\" src=\"https:\/\/boutique.clementineplissonnier.fr\/wp-content\/uploads\/2026\/04\/IMG20260320172945-420x420.jpg\" class=\"attachment-woocommerce_thumbnail size-woocommerce_thumbnail\" alt=\"Coquetier Chat\" srcset=\"https:\/\/boutique.clementineplissonnier.fr\/wp-content\/uploads\/2026\/04\/IMG20260320172945-420x420.jpg 420w, https:\/\/boutique.clementineplissonnier.fr\/wp-content\/uploads\/2026\/04\/IMG20260320172945-150x150.jpg 150w, https:\/\/boutique.clementineplissonnier.fr\/wp-content\/uploads\/2026\/04\/IMG20260320172945-100x100.jpg 100w\" sizes=\"auto, (max-width: 420px) 100vw, 420px\" \/><\/div>\n\t\t\t\t\t<\/a><a href=\"?add-to-cart=785\" aria-label=\"Ajouter au panier\u00a0: &ldquo;Coquetier Chat&rdquo;\" data-quantity=\"1\" data-product_id=\"785\" data-product_sku=\"\" rel=\"nofollow\" class=\"button wp-block-button__link add_to_cart_button ajax_add_to_cart\">Ajouter au panier<\/a><\/div><a href=\"https:\/\/boutique.clementineplissonnier.fr\/index.php\/produit\/coquetier-chat-2\/\" class=\"wc-block-grid__product-link\">\n\t\t\t\t\t<div class=\"wc-block-grid__product-title\">Coquetier Chat<\/div>\n\t\t\t\t<\/a><div class=\"wc-block-grid__product-price price\"><span class=\"woocommerce-Price-amount amount\">15,00&nbsp;<span class=\"woocommerce-Price-currencySymbol\">&euro;<\/span><\/span><\/div><\/li><li class=\"wc-block-grid__product product-grid \">\n\t\t\t\t<div class=\"loop-image-wrap botiga-add-to-cart-button-layout3\">\n\t\t\t\t\t<a href=\"https:\/\/boutique.clementineplissonnier.fr\/index.php\/produit\/bol-diorama-plage\/\" class=\"wc-block-grid__product-link\">\n\t\t\t\t\t\t<div class=\"wc-block-grid__product-image\"><img loading=\"lazy\" decoding=\"async\" width=\"420\" height=\"420\" src=\"https:\/\/boutique.clementineplissonnier.fr\/wp-content\/uploads\/2024\/11\/IMG20241028191123-420x420.jpg\" class=\"attachment-woocommerce_thumbnail size-woocommerce_thumbnail\" alt=\"Bol diorama &quot;plage&quot;\" srcset=\"https:\/\/boutique.clementineplissonnier.fr\/wp-content\/uploads\/2024\/11\/IMG20241028191123-420x420.jpg 420w, https:\/\/boutique.clementineplissonnier.fr\/wp-content\/uploads\/2024\/11\/IMG20241028191123-300x300.jpg 300w, https:\/\/boutique.clementineplissonnier.fr\/wp-content\/uploads\/2024\/11\/IMG20241028191123-150x150.jpg 150w, https:\/\/boutique.clementineplissonnier.fr\/wp-content\/uploads\/2024\/11\/IMG20241028191123-768x768.jpg 768w, https:\/\/boutique.clementineplissonnier.fr\/wp-content\/uploads\/2024\/11\/IMG20241028191123-920x920.jpg 920w, https:\/\/boutique.clementineplissonnier.fr\/wp-content\/uploads\/2024\/11\/IMG20241028191123-575x575.jpg 575w, https:\/\/boutique.clementineplissonnier.fr\/wp-content\/uploads\/2024\/11\/IMG20241028191123-380x380.jpg 380w, https:\/\/boutique.clementineplissonnier.fr\/wp-content\/uploads\/2024\/11\/IMG20241028191123-800x800.jpg 800w, https:\/\/boutique.clementineplissonnier.fr\/wp-content\/uploads\/2024\/11\/IMG20241028191123-100x100.jpg 100w, https:\/\/boutique.clementineplissonnier.fr\/wp-content\/uploads\/2024\/11\/IMG20241028191123.jpg 1000w\" sizes=\"auto, (max-width: 420px) 100vw, 420px\" \/><\/div>\n\t\t\t\t\t<\/a><a href=\"?add-to-cart=634\" aria-label=\"Ajouter au panier\u00a0: &ldquo;Bol diorama &quot;plage&quot;&rdquo;\" data-quantity=\"1\" data-product_id=\"634\" data-product_sku=\"\" rel=\"nofollow\" class=\"button wp-block-button__link add_to_cart_button ajax_add_to_cart\">Ajouter au panier<\/a><\/div><a href=\"https:\/\/boutique.clementineplissonnier.fr\/index.php\/produit\/bol-diorama-plage\/\" class=\"wc-block-grid__product-link\">\n\t\t\t\t\t<div class=\"wc-block-grid__product-title\">Bol diorama \u00ab\u00a0plage\u00a0\u00bb<\/div>\n\t\t\t\t<\/a><div class=\"wc-block-grid__product-price price\"><span class=\"woocommerce-Price-amount amount\">30,00&nbsp;<span class=\"woocommerce-Price-currencySymbol\">&euro;<\/span><\/span><\/div><\/li><\/ul><\/div><div style=\"height:40px\" aria-hidden=\"true\" class=\"wp-block-spacer\"><\/div><div class=\"wp-block-cover is-light\" style=\"min-height:206px;aspect-ratio:unset;\"><img loading=\"lazy\" decoding=\"async\" width=\"1439\" height=\"2560\" class=\"wp-block-cover__image-background wp-image-77\" alt=\"\" src=\"https:\/\/boutique.clementineplissonnier.fr\/wp-content\/uploads\/2023\/04\/IMG20230327170004-scaled.jpg\" data-object-fit=\"cover\" srcset=\"https:\/\/boutique.clementineplissonnier.fr\/wp-content\/uploads\/2023\/04\/IMG20230327170004-scaled.jpg 1439w, https:\/\/boutique.clementineplissonnier.fr\/wp-content\/uploads\/2023\/04\/IMG20230327170004-169x300.jpg 169w, https:\/\/boutique.clementineplissonnier.fr\/wp-content\/uploads\/2023\/04\/IMG20230327170004-576x1024.jpg 576w, https:\/\/boutique.clementineplissonnier.fr\/wp-content\/uploads\/2023\/04\/IMG20230327170004-768x1366.jpg 768w, https:\/\/boutique.clementineplissonnier.fr\/wp-content\/uploads\/2023\/04\/IMG20230327170004-864x1536.jpg 864w, https:\/\/boutique.clementineplissonnier.fr\/wp-content\/uploads\/2023\/04\/IMG20230327170004-1152x2048.jpg 1152w, https:\/\/boutique.clementineplissonnier.fr\/wp-content\/uploads\/2023\/04\/IMG20230327170004-1140x2027.jpg 1140w, https:\/\/boutique.clementineplissonnier.fr\/wp-content\/uploads\/2023\/04\/IMG20230327170004-920x1636.jpg 920w, https:\/\/boutique.clementineplissonnier.fr\/wp-content\/uploads\/2023\/04\/IMG20230327170004-575x1023.jpg 575w, https:\/\/boutique.clementineplissonnier.fr\/wp-content\/uploads\/2023\/04\/IMG20230327170004-380x676.jpg 380w, https:\/\/boutique.clementineplissonnier.fr\/wp-content\/uploads\/2023\/04\/IMG20230327170004-800x1423.jpg 800w\" sizes=\"auto, (max-width: 1439px) 100vw, 1439px\" \/><span aria-hidden=\"true\" class=\"wp-block-cover__background has-color-5-background-color has-background-dim\"><\/span><div class=\"wp-block-cover__inner-container is-layout-flow wp-block-cover-is-layout-flow\"><h3 class=\"wp-block-heading has-text-align-center has-white-color has-text-color\"><a href=\"https:\/\/boutique.clementineplissonnier.fr\/index.php\/boutique\/\" data-type=\"page\" data-id=\"6\" style=\"color:#ffffff;\">D\u00e9couvre le reste de la boutique !<\/a><\/h3><\/div><\/div><div style=\"height:30px\" aria-hidden=\"true\" class=\"wp-block-spacer\"><\/div><div class=\"wp-block-cover alignfull is-light\" style=\"min-height:587px;aspect-ratio:unset;\"><img loading=\"lazy\" decoding=\"async\" width=\"2560\" height=\"2560\" class=\"wp-block-cover__image-background wp-image-146\" alt=\"\" src=\"https:\/\/boutique.clementineplissonnier.fr\/wp-content\/uploads\/2023\/04\/IMG20230326171740-scaled.jpg\" data-object-fit=\"cover\" srcset=\"https:\/\/boutique.clementineplissonnier.fr\/wp-content\/uploads\/2023\/04\/IMG20230326171740-scaled.jpg 2560w, https:\/\/boutique.clementineplissonnier.fr\/wp-content\/uploads\/2023\/04\/IMG20230326171740-300x300.jpg 300w, https:\/\/boutique.clementineplissonnier.fr\/wp-content\/uploads\/2023\/04\/IMG20230326171740-1024x1024.jpg 1024w, https:\/\/boutique.clementineplissonnier.fr\/wp-content\/uploads\/2023\/04\/IMG20230326171740-150x150.jpg 150w, https:\/\/boutique.clementineplissonnier.fr\/wp-content\/uploads\/2023\/04\/IMG20230326171740-768x768.jpg 768w, https:\/\/boutique.clementineplissonnier.fr\/wp-content\/uploads\/2023\/04\/IMG20230326171740-1536x1536.jpg 1536w, https:\/\/boutique.clementineplissonnier.fr\/wp-content\/uploads\/2023\/04\/IMG20230326171740-2048x2048.jpg 2048w, https:\/\/boutique.clementineplissonnier.fr\/wp-content\/uploads\/2023\/04\/IMG20230326171740-1140x1140.jpg 1140w, https:\/\/boutique.clementineplissonnier.fr\/wp-content\/uploads\/2023\/04\/IMG20230326171740-920x920.jpg 920w, https:\/\/boutique.clementineplissonnier.fr\/wp-content\/uploads\/2023\/04\/IMG20230326171740-575x575.jpg 575w, https:\/\/boutique.clementineplissonnier.fr\/wp-content\/uploads\/2023\/04\/IMG20230326171740-380x380.jpg 380w, https:\/\/boutique.clementineplissonnier.fr\/wp-content\/uploads\/2023\/04\/IMG20230326171740-420x420.jpg 420w, https:\/\/boutique.clementineplissonnier.fr\/wp-content\/uploads\/2023\/04\/IMG20230326171740-800x800.jpg 800w, https:\/\/boutique.clementineplissonnier.fr\/wp-content\/uploads\/2023\/04\/IMG20230326171740-100x100.jpg 100w\" sizes=\"auto, (max-width: 2560px) 100vw, 2560px\" \/><span aria-hidden=\"true\" class=\"wp-block-cover__background has-color-5-background-color has-background-dim-70 has-background-dim\"><\/span><div class=\"wp-block-cover__inner-container is-layout-flow wp-block-cover-is-layout-flow\"><h3 class=\"wp-block-heading alignwide has-white-color has-text-color\" style=\"font-size:64px\">De la d\u00e9co et des accessoires cozy et uniques<\/h3>\n\n<div class=\"wp-block-columns alignwide is-layout-flex wp-container-core-columns-is-layout-9d6595d7 wp-block-columns-is-layout-flex\"><div class=\"wp-block-column is-layout-flow wp-block-column-is-layout-flow\" style=\"flex-basis:55%\"><div style=\"height:219px\" aria-hidden=\"true\" class=\"wp-block-spacer\"><\/div>\n\n<p class=\"has-white-color has-text-color has-background has-large-font-size\" style=\"background-color:#ffffff00;line-height:1.3\"><strong>En choisissant mes cr\u00e9ations, tu soutiens une cr\u00e9atrice ind\u00e9pendante. En plus de recevoir un produit unique et d\u00e9velopp\u00e9 avec amour, tu encourages un processus de cr\u00e9ation artisanal.<\/strong><\/p><\/div>\n\n<div class=\"wp-block-column is-layout-flow wp-block-column-is-layout-flow\"><\/div><\/div><\/div><\/div><div style=\"height:55px\" aria-hidden=\"true\" class=\"wp-block-spacer\"><\/div><h2 class=\"wp-block-heading alignwide has-text-align-center\" id=\"we-re-a-studio-in-berlin-with-an-international-practice-in-architecture-urban-planning-and-interior-design-we-believe-in-sharing-knowledge-and-promoting-dialogue-to-increase-the-creative-potential-of-collaboration\" style=\"font-size:48px;line-height:1.1\">Fabriqu\u00e9es en gr\u00e8s, mes c\u00e9ramiques sont r\u00e9sistantes au lave-vaisselle (sauf les accessoires). Elles sont donc faciles d&rsquo;entretien et t&rsquo;accompagnent au quotidien.<\/h2><div style=\"height:55px\" aria-hidden=\"true\" class=\"wp-block-spacer\"><\/div><div class=\"wp-block-columns is-layout-flex wp-container-core-columns-is-layout-9d6595d7 wp-block-columns-is-layout-flex\"><div class=\"wp-block-column is-layout-flow wp-block-column-is-layout-flow\"><div class=\"wp-block-cover is-light\" style=\"font-size:0px;min-height:300px;aspect-ratio:unset;\"><img loading=\"lazy\" decoding=\"async\" width=\"2560\" height=\"2560\" class=\"wp-block-cover__image-background wp-image-172\" alt=\"\" src=\"https:\/\/boutique.clementineplissonnier.fr\/wp-content\/uploads\/2023\/04\/IMG20230326173649-scaled.jpg\" data-object-fit=\"cover\" srcset=\"https:\/\/boutique.clementineplissonnier.fr\/wp-content\/uploads\/2023\/04\/IMG20230326173649-scaled.jpg 2560w, https:\/\/boutique.clementineplissonnier.fr\/wp-content\/uploads\/2023\/04\/IMG20230326173649-300x300.jpg 300w, https:\/\/boutique.clementineplissonnier.fr\/wp-content\/uploads\/2023\/04\/IMG20230326173649-1024x1024.jpg 1024w, https:\/\/boutique.clementineplissonnier.fr\/wp-content\/uploads\/2023\/04\/IMG20230326173649-150x150.jpg 150w, https:\/\/boutique.clementineplissonnier.fr\/wp-content\/uploads\/2023\/04\/IMG20230326173649-768x768.jpg 768w, https:\/\/boutique.clementineplissonnier.fr\/wp-content\/uploads\/2023\/04\/IMG20230326173649-1536x1536.jpg 1536w, https:\/\/boutique.clementineplissonnier.fr\/wp-content\/uploads\/2023\/04\/IMG20230326173649-2048x2048.jpg 2048w, https:\/\/boutique.clementineplissonnier.fr\/wp-content\/uploads\/2023\/04\/IMG20230326173649-1140x1140.jpg 1140w, https:\/\/boutique.clementineplissonnier.fr\/wp-content\/uploads\/2023\/04\/IMG20230326173649-920x920.jpg 920w, https:\/\/boutique.clementineplissonnier.fr\/wp-content\/uploads\/2023\/04\/IMG20230326173649-575x575.jpg 575w, https:\/\/boutique.clementineplissonnier.fr\/wp-content\/uploads\/2023\/04\/IMG20230326173649-380x380.jpg 380w, https:\/\/boutique.clementineplissonnier.fr\/wp-content\/uploads\/2023\/04\/IMG20230326173649-420x420.jpg 420w, https:\/\/boutique.clementineplissonnier.fr\/wp-content\/uploads\/2023\/04\/IMG20230326173649-800x800.jpg 800w, https:\/\/boutique.clementineplissonnier.fr\/wp-content\/uploads\/2023\/04\/IMG20230326173649-100x100.jpg 100w\" sizes=\"auto, (max-width: 2560px) 100vw, 2560px\" \/><span aria-hidden=\"true\" class=\"wp-block-cover__background has-color-5-background-color has-background-dim-60 has-background-dim\"><\/span><div class=\"wp-block-cover__inner-container is-layout-flow wp-block-cover-is-layout-flow\"><h3 class=\"wp-block-heading has-text-align-center has-extra-large-font-size\"><a href=\"https:\/\/boutique.clementineplissonnier.fr\/index.php\/categorie-produit\/vaisselle\/\" data-type=\"product_cat\" data-id=\"16\">Vaisselle<\/a><\/h3><\/div><\/div><\/div>\n\n<div class=\"wp-block-column is-layout-flow wp-block-column-is-layout-flow\"><div class=\"wp-block-cover\" style=\"min-height:300px;aspect-ratio:unset;\"><img loading=\"lazy\" decoding=\"async\" width=\"2560\" height=\"2560\" class=\"wp-block-cover__image-background wp-image-153\" alt=\"\" src=\"https:\/\/boutique.clementineplissonnier.fr\/wp-content\/uploads\/2023\/04\/IMG20230404180959-scaled.jpg\" data-object-fit=\"cover\" srcset=\"https:\/\/boutique.clementineplissonnier.fr\/wp-content\/uploads\/2023\/04\/IMG20230404180959-scaled.jpg 2560w, https:\/\/boutique.clementineplissonnier.fr\/wp-content\/uploads\/2023\/04\/IMG20230404180959-300x300.jpg 300w, https:\/\/boutique.clementineplissonnier.fr\/wp-content\/uploads\/2023\/04\/IMG20230404180959-1024x1024.jpg 1024w, https:\/\/boutique.clementineplissonnier.fr\/wp-content\/uploads\/2023\/04\/IMG20230404180959-150x150.jpg 150w, https:\/\/boutique.clementineplissonnier.fr\/wp-content\/uploads\/2023\/04\/IMG20230404180959-768x768.jpg 768w, https:\/\/boutique.clementineplissonnier.fr\/wp-content\/uploads\/2023\/04\/IMG20230404180959-1536x1536.jpg 1536w, https:\/\/boutique.clementineplissonnier.fr\/wp-content\/uploads\/2023\/04\/IMG20230404180959-2048x2048.jpg 2048w, https:\/\/boutique.clementineplissonnier.fr\/wp-content\/uploads\/2023\/04\/IMG20230404180959-1140x1140.jpg 1140w, https:\/\/boutique.clementineplissonnier.fr\/wp-content\/uploads\/2023\/04\/IMG20230404180959-920x920.jpg 920w, https:\/\/boutique.clementineplissonnier.fr\/wp-content\/uploads\/2023\/04\/IMG20230404180959-575x575.jpg 575w, https:\/\/boutique.clementineplissonnier.fr\/wp-content\/uploads\/2023\/04\/IMG20230404180959-380x380.jpg 380w, https:\/\/boutique.clementineplissonnier.fr\/wp-content\/uploads\/2023\/04\/IMG20230404180959-420x420.jpg 420w, https:\/\/boutique.clementineplissonnier.fr\/wp-content\/uploads\/2023\/04\/IMG20230404180959-800x800.jpg 800w, https:\/\/boutique.clementineplissonnier.fr\/wp-content\/uploads\/2023\/04\/IMG20230404180959-100x100.jpg 100w\" sizes=\"auto, (max-width: 2560px) 100vw, 2560px\" \/><span aria-hidden=\"true\" class=\"wp-block-cover__background has-color-5-background-color has-background-dim\"><\/span><div class=\"wp-block-cover__inner-container is-layout-flow wp-block-cover-is-layout-flow\"><h2 class=\"wp-block-heading has-text-align-center has-extra-large-font-size\"><a href=\"https:\/\/boutique.clementineplissonnier.fr\/index.php\/categorie-produit\/accessoires\/\" data-type=\"product_cat\" data-id=\"17\">Accessoires<\/a><\/h2><\/div><\/div><\/div>\n\n<div class=\"wp-block-column is-layout-flow wp-block-column-is-layout-flow\"><div class=\"wp-block-cover is-light\" style=\"min-height:300px;aspect-ratio:unset;\"><img loading=\"lazy\" decoding=\"async\" width=\"2560\" height=\"2560\" class=\"wp-block-cover__image-background wp-image-173\" alt=\"\" src=\"https:\/\/boutique.clementineplissonnier.fr\/wp-content\/uploads\/2023\/04\/IMG20230326173134-1-scaled.jpg\" data-object-fit=\"cover\" srcset=\"https:\/\/boutique.clementineplissonnier.fr\/wp-content\/uploads\/2023\/04\/IMG20230326173134-1-scaled.jpg 2560w, https:\/\/boutique.clementineplissonnier.fr\/wp-content\/uploads\/2023\/04\/IMG20230326173134-1-300x300.jpg 300w, https:\/\/boutique.clementineplissonnier.fr\/wp-content\/uploads\/2023\/04\/IMG20230326173134-1-1024x1024.jpg 1024w, https:\/\/boutique.clementineplissonnier.fr\/wp-content\/uploads\/2023\/04\/IMG20230326173134-1-150x150.jpg 150w, https:\/\/boutique.clementineplissonnier.fr\/wp-content\/uploads\/2023\/04\/IMG20230326173134-1-768x768.jpg 768w, https:\/\/boutique.clementineplissonnier.fr\/wp-content\/uploads\/2023\/04\/IMG20230326173134-1-1536x1536.jpg 1536w, https:\/\/boutique.clementineplissonnier.fr\/wp-content\/uploads\/2023\/04\/IMG20230326173134-1-2048x2048.jpg 2048w, https:\/\/boutique.clementineplissonnier.fr\/wp-content\/uploads\/2023\/04\/IMG20230326173134-1-1140x1140.jpg 1140w, https:\/\/boutique.clementineplissonnier.fr\/wp-content\/uploads\/2023\/04\/IMG20230326173134-1-920x920.jpg 920w, https:\/\/boutique.clementineplissonnier.fr\/wp-content\/uploads\/2023\/04\/IMG20230326173134-1-575x575.jpg 575w, https:\/\/boutique.clementineplissonnier.fr\/wp-content\/uploads\/2023\/04\/IMG20230326173134-1-380x380.jpg 380w, https:\/\/boutique.clementineplissonnier.fr\/wp-content\/uploads\/2023\/04\/IMG20230326173134-1-420x420.jpg 420w, https:\/\/boutique.clementineplissonnier.fr\/wp-content\/uploads\/2023\/04\/IMG20230326173134-1-800x800.jpg 800w, https:\/\/boutique.clementineplissonnier.fr\/wp-content\/uploads\/2023\/04\/IMG20230326173134-1-100x100.jpg 100w\" sizes=\"auto, (max-width: 2560px) 100vw, 2560px\" \/><span aria-hidden=\"true\" class=\"wp-block-cover__background has-color-5-background-color has-background-dim\"><\/span><div class=\"wp-block-cover__inner-container is-layout-flow wp-block-cover-is-layout-flow\"><h2 class=\"wp-block-heading has-text-align-center has-extra-large-font-size\"><a href=\"https:\/\/boutique.clementineplissonnier.fr\/index.php\/categorie-produit\/maison\/\" data-type=\"product_cat\" data-id=\"18\">Maison<\/a><\/h2><\/div><\/div><\/div><\/div><blockquote class=\"wp-block-quote is-layout-flow wp-block-quote-is-layout-flow\"><p><\/p><\/blockquote>","protected":false},"excerpt":{"rendered":"<p>Articles \u00e0 la une Fabriqu\u00e9es en gr\u00e8s, mes c\u00e9ramiques sont r\u00e9sistantes au lave-vaisselle (sauf les accessoires). Elles sont donc faciles d&rsquo;entretien et t&rsquo;accompagnent au quotidien.<\/p>\n","protected":false},"author":1,"featured_media":0,"parent":0,"menu_order":0,"comment_status":"closed","ping_status":"closed","template":"","meta":{"footnotes":""},"class_list":["post-85","page","type-page","status-publish","hentry"],"jetpack_sharing_enabled":true,"_links":{"self":[{"href":"https:\/\/boutique.clementineplissonnier.fr\/index.php\/wp-json\/wp\/v2\/pages\/85","targetHints":{"allow":["GET"]}}],"collection":[{"href":"https:\/\/boutique.clementineplissonnier.fr\/index.php\/wp-json\/wp\/v2\/pages"}],"about":[{"href":"https:\/\/boutique.clementineplissonnier.fr\/index.php\/wp-json\/wp\/v2\/types\/page"}],"author":[{"embeddable":true,"href":"https:\/\/boutique.clementineplissonnier.fr\/index.php\/wp-json\/wp\/v2\/users\/1"}],"replies":[{"embeddable":true,"href":"https:\/\/boutique.clementineplissonnier.fr\/index.php\/wp-json\/wp\/v2\/comments?post=85"}],"version-history":[{"count":36,"href":"https:\/\/boutique.clementineplissonnier.fr\/index.php\/wp-json\/wp\/v2\/pages\/85\/revisions"}],"predecessor-version":[{"id":819,"href":"https:\/\/boutique.clementineplissonnier.fr\/index.php\/wp-json\/wp\/v2\/pages\/85\/revisions\/819"}],"wp:attachment":[{"href":"https:\/\/boutique.clementineplissonnier.fr\/index.php\/wp-json\/wp\/v2\/media?parent=85"}],"curies":[{"name":"wp","href":"https:\/\/api.w.org\/{rel}","templated":true}]}}