{"id":499,"date":"2024-08-03T13:31:31","date_gmt":"2024-08-03T11:31:31","guid":{"rendered":"https:\/\/boutique.clementineplissonnier.fr\/?post_type=product&#038;p=499"},"modified":"2025-07-12T13:30:50","modified_gmt":"2025-07-12T11:30:50","slug":"mini-bol-moka","status":"publish","type":"product","link":"https:\/\/boutique.clementineplissonnier.fr\/index.php\/produit\/mini-bol-moka\/","title":{"rendered":"Mini-bol \u00ab\u00a0moka\u00a0\u00bb"},"content":{"rendered":"<p>Ces mini bols accueilleront votre sachet de th\u00e9, vos peintures, vos espressos serr\u00e9s, et bien plus encore !<\/p>\n<p>Model\u00e9s \u00e0 la main en utilisant la technique du pinc\u00e9, ils sont faits en terre blanche et \u00e9maill\u00e9s en blanc \u00e0 l&rsquo;int\u00e9rieur, en couleur au bord et la terre est laiss\u00e9e brute \u00e0 l&rsquo;ext\u00e9rieur.<\/p>\n<p>Ils sont compatibles lave-vaisselle et micro-ondes.<\/p>\n<p>Diam\u00e8tre : 6,5cm \u00e0 7cm<br \/>\nHauteur : 3cm \u00e0 3,5cm<br \/>\nContenance : 50ml<br \/>\nPoids : 70g<\/p>\n","protected":false},"excerpt":{"rendered":"<p>Ces mini bols accueilleront votre sachet de th\u00e9, vos peintures, vos espressos serr\u00e9s, et bien plus encore !<\/p>\n<p>Model\u00e9s \u00e0 la main en utilisant la technique du pinc\u00e9, ils sont faits en terre blanche et \u00e9maill\u00e9s en blanc \u00e0 l&rsquo;int\u00e9rieur, en couleur au bord et la terre est laiss\u00e9e brute \u00e0 l&rsquo;ext\u00e9rieur.<\/p>\n<p>Ils sont compatibles lave-vaisselle et micro-ondes.<\/p>\n<p>Diam\u00e8tre : 6,5cm \u00e0 7cm<br \/>\nHauteur : 3cm \u00e0 3,5cm<br \/>\nContenance : 50ml<br \/>\nPoids : 70g<\/p>\n","protected":false},"featured_media":555,"comment_status":"open","ping_status":"closed","template":"","meta":[],"product_cat":[16],"product_tag":[],"class_list":{"0":"post-499","1":"product","2":"type-product","3":"status-publish","4":"has-post-thumbnail","6":"product_cat-vaisselle","7":"product_shipping_class-colis","9":"first","10":"instock","11":"purchasable","12":"product-type-simple"},"jetpack_sharing_enabled":true,"_links":{"self":[{"href":"https:\/\/boutique.clementineplissonnier.fr\/index.php\/wp-json\/wp\/v2\/product\/499","targetHints":{"allow":["GET"]}}],"collection":[{"href":"https:\/\/boutique.clementineplissonnier.fr\/index.php\/wp-json\/wp\/v2\/product"}],"about":[{"href":"https:\/\/boutique.clementineplissonnier.fr\/index.php\/wp-json\/wp\/v2\/types\/product"}],"replies":[{"embeddable":true,"href":"https:\/\/boutique.clementineplissonnier.fr\/index.php\/wp-json\/wp\/v2\/comments?post=499"}],"wp:featuredmedia":[{"embeddable":true,"href":"https:\/\/boutique.clementineplissonnier.fr\/index.php\/wp-json\/wp\/v2\/media\/555"}],"wp:attachment":[{"href":"https:\/\/boutique.clementineplissonnier.fr\/index.php\/wp-json\/wp\/v2\/media?parent=499"}],"wp:term":[{"taxonomy":"product_cat","embeddable":true,"href":"https:\/\/boutique.clementineplissonnier.fr\/index.php\/wp-json\/wp\/v2\/product_cat?post=499"},{"taxonomy":"product_tag","embeddable":true,"href":"https:\/\/boutique.clementineplissonnier.fr\/index.php\/wp-json\/wp\/v2\/product_tag?post=499"}],"curies":[{"name":"wp","href":"https:\/\/api.w.org\/{rel}","templated":true}]}}