{"id":500,"date":"2024-08-03T13:35:04","date_gmt":"2024-08-03T11:35:04","guid":{"rendered":"https:\/\/boutique.clementineplissonnier.fr\/?post_type=product&#038;p=500"},"modified":"2026-03-26T20:12:18","modified_gmt":"2026-03-26T19:12:18","slug":"mini-bol-bleu-marbre","status":"publish","type":"product","link":"https:\/\/boutique.clementineplissonnier.fr\/index.php\/produit\/mini-bol-bleu-marbre\/","title":{"rendered":"Mini-bol bleu marbr\u00e9"},"content":{"rendered":"<p>Ces mini bols accueilleront votre sachet de th\u00e9, vos peintures, vos espressos serr\u00e9s, et bien plus encore !<\/p>\n<p>Model\u00e9s \u00e0 la main en utilisant la technique du pinc\u00e9, ils sont faits en terre blanche et terre bleu teint\u00e9e dans la masse m\u00e9lang\u00e9es,\u00a0 puis \u00e9maill\u00e9s avec une couverte transparente.<\/p>\n<p>Ils sont compatibles lave-vaisselle et micro-ondes.<\/p>\n<p>Dimensions variables, voir chaque mod\u00e8le<br \/>\nDiam\u00e8tre : entre 5,5cm et 7cm<br \/>\nContenance : entre 25ml et 50ml<br \/>\nPoids : 90g maximum<\/p>\n","protected":false},"excerpt":{"rendered":"<p>Ces mini bols accueilleront votre sachet de th\u00e9, vos peintures, vos espressos serr\u00e9s, et bien plus encore !<\/p>\n<p>Model\u00e9s \u00e0 la main en utilisant la technique du pinc\u00e9, ils sont faits en terre blanche et terre bleu teint\u00e9e dans la masse m\u00e9lang\u00e9es,\u00a0 puis \u00e9maill\u00e9s avec une couverte transparente.<\/p>\n<p>Ils sont compatibles lave-vaisselle et micro-ondes.<\/p>\n<p>Dimensions variables, voir chaque mod\u00e8le<br \/>\nDiam\u00e8tre : entre 5,5cm et 7cm<br \/>\nContenance : entre 25ml et 50ml<br \/>\nPoids : 90g maximum<\/p>\n","protected":false},"featured_media":557,"comment_status":"open","ping_status":"closed","template":"","meta":[],"product_cat":[16],"product_tag":[],"class_list":{"0":"post-500","1":"product","2":"type-product","3":"status-publish","4":"has-post-thumbnail","6":"product_cat-vaisselle","7":"product_shipping_class-colis","9":"first","10":"instock","11":"taxable","12":"shipping-taxable","13":"purchasable","14":"product-type-variable"},"jetpack_sharing_enabled":true,"_links":{"self":[{"href":"https:\/\/boutique.clementineplissonnier.fr\/index.php\/wp-json\/wp\/v2\/product\/500","targetHints":{"allow":["GET"]}}],"collection":[{"href":"https:\/\/boutique.clementineplissonnier.fr\/index.php\/wp-json\/wp\/v2\/product"}],"about":[{"href":"https:\/\/boutique.clementineplissonnier.fr\/index.php\/wp-json\/wp\/v2\/types\/product"}],"replies":[{"embeddable":true,"href":"https:\/\/boutique.clementineplissonnier.fr\/index.php\/wp-json\/wp\/v2\/comments?post=500"}],"wp:featuredmedia":[{"embeddable":true,"href":"https:\/\/boutique.clementineplissonnier.fr\/index.php\/wp-json\/wp\/v2\/media\/557"}],"wp:attachment":[{"href":"https:\/\/boutique.clementineplissonnier.fr\/index.php\/wp-json\/wp\/v2\/media?parent=500"}],"wp:term":[{"taxonomy":"product_cat","embeddable":true,"href":"https:\/\/boutique.clementineplissonnier.fr\/index.php\/wp-json\/wp\/v2\/product_cat?post=500"},{"taxonomy":"product_tag","embeddable":true,"href":"https:\/\/boutique.clementineplissonnier.fr\/index.php\/wp-json\/wp\/v2\/product_tag?post=500"}],"curies":[{"name":"wp","href":"https:\/\/api.w.org\/{rel}","templated":true}]}}