{"id":810,"date":"2026-04-06T16:34:58","date_gmt":"2026-04-06T14:34:58","guid":{"rendered":"https:\/\/boutique.clementineplissonnier.fr\/?post_type=product&#038;p=810"},"modified":"2026-04-06T16:40:34","modified_gmt":"2026-04-06T14:40:34","slug":"pierre-a-tripoter-chat","status":"publish","type":"product","link":"https:\/\/boutique.clementineplissonnier.fr\/index.php\/produit\/pierre-a-tripoter-chat\/","title":{"rendered":"Pierre \u00e0 tripoter Chat"},"content":{"rendered":"","protected":false},"excerpt":{"rendered":"<p>Pierres \u00e0 tripoter en terre noire, engobe blanc gratt\u00e9, \u00e9maill\u00e9es. Rendu brillant. La surface \u00e0 l&rsquo;arri\u00e8re des pierres n&rsquo;est pas \u00e9maill\u00e9e mais lisse.<\/p>\n<p>Diam\u00e8tre inf\u00e9rieur ou \u00e9gal \u00e0 3,5cm<br \/>\nHauteur inf\u00e9rieure \u00e0 1,5cm<br \/>\nPoids environ 25g<\/p>\n","protected":false},"featured_media":813,"comment_status":"open","ping_status":"closed","template":"","meta":[],"product_cat":[17],"product_tag":[],"class_list":{"0":"post-810","1":"product","2":"type-product","3":"status-publish","4":"has-post-thumbnail","6":"product_cat-accessoires","7":"product_shipping_class-colis","9":"first","10":"instock","11":"purchasable","12":"product-type-simple"},"jetpack_sharing_enabled":true,"_links":{"self":[{"href":"https:\/\/boutique.clementineplissonnier.fr\/index.php\/wp-json\/wp\/v2\/product\/810","targetHints":{"allow":["GET"]}}],"collection":[{"href":"https:\/\/boutique.clementineplissonnier.fr\/index.php\/wp-json\/wp\/v2\/product"}],"about":[{"href":"https:\/\/boutique.clementineplissonnier.fr\/index.php\/wp-json\/wp\/v2\/types\/product"}],"replies":[{"embeddable":true,"href":"https:\/\/boutique.clementineplissonnier.fr\/index.php\/wp-json\/wp\/v2\/comments?post=810"}],"wp:featuredmedia":[{"embeddable":true,"href":"https:\/\/boutique.clementineplissonnier.fr\/index.php\/wp-json\/wp\/v2\/media\/813"}],"wp:attachment":[{"href":"https:\/\/boutique.clementineplissonnier.fr\/index.php\/wp-json\/wp\/v2\/media?parent=810"}],"wp:term":[{"taxonomy":"product_cat","embeddable":true,"href":"https:\/\/boutique.clementineplissonnier.fr\/index.php\/wp-json\/wp\/v2\/product_cat?post=810"},{"taxonomy":"product_tag","embeddable":true,"href":"https:\/\/boutique.clementineplissonnier.fr\/index.php\/wp-json\/wp\/v2\/product_tag?post=810"}],"curies":[{"name":"wp","href":"https:\/\/api.w.org\/{rel}","templated":true}]}}